
11
Let g be 586 + 1 - 1488/124. What is the greatest common factor of g and 45?
5
Let g be 595520/60 - (-4)/(-3). Calculate the highest common divisor of 24 and g.
12
Suppose 0 = -5*n - 2*f + 60, -4*n + 3*n + f + 19 = 0. What is the greatest common divisor of n and 119?
7
Suppose 14*c - 44808 - 32920 = 0. Calculate the highest common divisor of c and 32.
16
Suppose 19 - 45 = -2*x. Suppose -197*y + 1079 = -196*y. Calculate the greatest common factor of x and y.
13
Let b be (2 - -5) + ((-6)/(-21) - (-96)/(-42)). Calculate the greatest common factor of 87 and b.
1
Let u = 36 - 2. Suppose -4*m = -5*l + 8*l - 369, 0 = 4*l - 3*m - 467. Calculate the highest common factor of l and u.
17
Suppose 20 = -y - 6*n + 440, 3*n - 405 = -y. What is the greatest common factor of 110 and y?
10
Let p = 3460 + -472. Let b = p + -4434. Let t be -3 + 18/8 - b/8. Calculate the highest common divisor of 36 and t.
36
Suppose -86*q - 8649 = 8*q - 20869. Calculate the greatest common factor of q and 6890.
130
Let r be (2 - (-13)/(-2))*26. Let m = r + 84. Let j be ((-11)/m)/(-2 + (-554)/(-276)). What is the greatest common factor of 69 and j?
23
Suppose 481*o - 2304 = 465*o. Calculate the greatest common divisor of 198 and o.
18
Let u be 15742/2 + (15 - (45 + -24)). Calculate the greatest common factor of 65 and u.
65
Let a = -3309 - -3316. Calculate the greatest common factor of 28 and a.
7
Let m be (184/6)/((-7)/(-63)). Calculate the greatest common divisor of 483 and m.
69
Suppose -5*u - 32*u + 2640 = -4*u. Calculate the highest common factor of u and 2500.
20
Suppose -4*q + 8 = -4, -3*t = -5*q - 4617. What is the highest common divisor of 1737 and t?
193
Let p(d) = 44*d + 14. Let i be p(2). Suppose -485*f + i = -479*f. Calculate the highest common divisor of f and 119.
17
Let g(b) = -4*b**3 + 130*b**2 - 64*b + 8. Let w be g(32). What is the greatest common factor of 244 and w?
4
Let w(u) = -u**2 + 9*u - 5. Let j be w(8). Let l = 662 + -610. Suppose -j*s - 10*s = -l. What is the greatest common factor of 1 and s?
1
Let s(y) = 48*y - 544. Let u be s(13). What is the highest common divisor of 8560 and u?
80
Let k(u) = u**2 - 3*u + 10388. Let q be k(0). Calculate the highest common divisor of q and 424.
212
Suppose -3*c + 4 - 14 = -5*s, -2*c - 2*s - 28 = 0. Let a be (-35)/(-10)*-4*c. What is the highest common factor of 30 and a?
10
Let s(r) = -25*r - 1986. Let k be s(-101). Calculate the greatest common factor of 319 and k.
11
Let a(j) = -29*j + 91. Let i be a(3). Suppose -4*o = i*o - 7912. Calculate the greatest common divisor of o and 23.
23
Let j(f) = -32*f - 17. Let t be j(-6). Let u be (-4)/14 - (-1625)/t. Suppose 0 = 5*a + 4*l - 22, l + 1 + 1 = 0. Calculate the highest common factor of a and u.
3
Let b = -6498 + 12028. What is the greatest common divisor of b and 28?
14
Suppose -245*j + 339707 = -112318. Calculate the highest common factor of 45 and j.
45
Let u(y) = y**2 + 5*y + 6. Suppose 11*c - 9*c - 8 = 0. Let i be u(c). What is the highest common divisor of 42 and i?
42
Let h(i) = -i**3 + 3*i**2 + 3*i - 3. Let v be h(4). Let k be (-3 - v) + -7 - -4*27. What is the greatest common factor of 42 and k?
21
Let h = -313 + 294. Let v(u) = -u**2 - 31*u - 72. Let n be v(h). Calculate the highest common divisor of 24 and n.
12
Suppose 3*q = -2*q + 1410. Let m = 2674 - 2668. Calculate the greatest common factor of m and q.
6
Let u = 41264 - 24000. What is the highest common divisor of 416 and u?
208
Let j(q) = 2*q**3 - 13*q**2 + 16*q + 15. Let w(g) = g**2 + g - 24. Let m be w(5). Let z be j(m). What is the highest common divisor of z and 120?
15
Let z(u) = -2*u**2 + 2*u + 23. Let o(y) = -2*y**2 + y + 22. Let h(p) = 6*o(p) - 7*z(p). Let n be h(-6). Calculate the highest common factor of n and 7.
7
Suppose -166*t + 162*t = -6952. Let d be 316/t + ((-964)/11)/(-2). Calculate the highest common divisor of 198 and d.
22
Suppose 2501 = u + 5*x, 4*u + 13*x = 11*x + 9968. What is the greatest common factor of u and 159?
53
Let i(s) be the second derivative of 3*s**5/20 - 47*s**4/12 + 3*s**3/2 + 7*s**2/2 - 27*s - 2. Let u be i(16). Calculate the greatest common factor of u and 74.
37
Suppose 27*k - 70653 = 232906 - 53647. Calculate the greatest common factor of 89 and k.
89
Let w = 235 - 231. Let u be (-13 + 9)/(w/(-40)). What is the highest common factor of 24 and u?
8
Let d = 4710 + -4162. What is the greatest common factor of 1781 and d?
137
Let s(t) = -221*t - 876. Let j be s(-36). What is the greatest common divisor of j and 120?
120
Let a be 6/2*2/(-3)*(-6)/12. Calculate the greatest common factor of 2677 and a.
1
Let b(a) = -a**3 + 10*a**2 + 14*a + 9. Let m be b(11). Let d be ((m/(-9))/2)/((-10)/60). What is the greatest common divisor of d and 238?
14
Let s = -14457 + 15624. Calculate the highest common divisor of 6 and s.
3
Suppose 2*x - d + 5 = 36, -d - 73 = -5*x. Let j = 17 + 4. What is the greatest common divisor of x and j?
7
Let x(a) = a**3 - a**2 + 1. Let w(i) = 5*i**3 - 10*i**2 + 10*i - 4. Let s(v) = w(v) - 3*x(v). Let n be s(4). What is the greatest common divisor of 441 and n?
49
Suppose 26*y - 3626 = -25*y + 9379. Calculate the greatest common factor of y and 1581.
51
Let j(h) = 5*h + 9. Let o = 86 - 83. Suppose 0 = l - a, 4*l = 5*l + o*a - 12. Let c be j(l). Calculate the highest common divisor of 16 and c.
8
Let t be (-247)/(-3) - 1 - (-10)/15. Let k = t - 72. Suppose 6 + 4 = 5*z. What is the greatest common divisor of k and z?
2
Let c = 11860 - 4844. Calculate the greatest common divisor of c and 32.
8
Suppose 9564 = 37*m - 92741. Calculate the highest common factor of 105 and m.
35
Suppose 2*d = -f + 105, 0*d + f - 267 = -5*d. Let u be (72/(-30)*(-5 + (-25)/(-10)))/(45/30). What is the highest common divisor of u and d?
2
Let v be 3423/12 + 45/60. Suppose -22*c + 35*c - v = 0. What is the highest common factor of 110 and c?
22
Let j = 4180 - 3750. What is the greatest common factor of j and 90?
10
Let s(m) = 6*m**2 + m + 9. Let w be s(-5). Let t = w + 58. What is the greatest common divisor of t and 159?
53
Let f be 30/12 - (-5)/(-10). Suppose f*d + 76 = 7*g - 6*g, 2*g + 3*d - 124 = 0. Calculate the highest common divisor of 102 and g.
34
Suppose -26*q = 126 - 672. Let m be (0 - -5 - (6 - 4)) + 564. What is the highest common divisor of q and m?
21
Let k(l) = 3*l + 4. Let t be 5/((3 + -4)*-1). Let n be k(t). Let j = 46 + -8. Calculate the greatest common factor of j and n.
19
Let l be 11597 - (12/16)/(1*7/(-28)). What is the greatest common divisor of 58 and l?
58
Let p = -343 + -179. Let n = p + 529. Calculate the greatest common factor of n and 175.
7
Let t be ((-15)/((-60)/16) + 12)*(-33)/(-12). Calculate the highest common divisor of 1738 and t.
22
Let h = 70 + 54. Suppose h = 6*v - 92. Calculate the greatest common divisor of v and 342.
18
Let t = 13 + -17. Let s be t*(-15)/(-18)*-6. Let m = 0 + s. What is the highest common divisor of 20 and m?
20
Suppose -7*f + 4 = -24. Suppose h = -b - 0*b + 41, f*b = 5*h + 155. Calculate the highest common factor of b and 110.
10
Let p be (-42)/(((-2)/80)/((-12)/(-30))). Suppose 0*s - s - 32 = -3*i, -5*s - 16 = -3*i. What is the highest common factor of p and i?
12
Let t be ((-408)/238)/(4/(-126)) + 6. What is the greatest common divisor of 6780 and t?
60
Let t = -317 - -319. Let r be 14 + (t/(-2) - 5). What is the highest common divisor of 24 and r?
8
Let l be ((-9288)/32)/(-9) - (-8)/(128/12). What is the highest common factor of 649 and l?
11
Let v be (-10)/8*-22*4. Suppose -2041*l = -1838*l - 2030. What is the greatest common factor of v and l?
10
Let b = 8408 - 8394. Let t = -15 + 21. What is the highest common factor of t and b?
2
Suppose 25*a - 9 = 21*a + 19. What is the highest common divisor of 14791 and a?
7
Let a = 111 + -99. Let q = -981 + 984. Calculate the highest common factor of q and a.
3
Suppose 4*f + 0*f - 8 = 0, i = -4*f + 385. What is the highest common factor of i and 39?
13
Let y = -37319 + 37327. Suppose 0*i + 5*i = 320. What is the highest common divisor of y and i?
8
Suppose 2*w - 1949 = -n, -3*n - 4*w + 4874 = -979. What is the highest common factor of 69 and n?
23
Let p be -1 - (43 + -3) - 4. Let l = 58 + p. What is the highest common factor of 169 and l?
13
Suppose 2840 = 25*j - 3